{"id":5334,"date":"2025-06-26T13:33:11","date_gmt":"2025-06-26T11:33:11","guid":{"rendered":"https:\/\/www.bloomingetiquette.dk\/?page_id=5334"},"modified":"2026-03-09T00:18:34","modified_gmt":"2026-03-08T23:18:34","slug":"kunstnere-og-musikere-fra-ringsted-og-omegn","status":"publish","type":"page","link":"https:\/\/www.bloomingetiquette.dk\/?page_id=5334","title":{"rendered":"News Page"},"content":{"rendered":"\n<h2 class=\"wp-block-heading has-text-align-center\">About my new website for musicians and artists<\/h2>\n\n\n\n<p class=\"has-black-color has-text-color has-link-color wp-elements-10b21a3b42e07c6449112108e9bdef31\" style=\"letter-spacing:1.5px\">I meet interesting people, and they always have stories that encourage me to continue achieving my goals, and just by listening, it sparks hope. How can somebody stay strong when things seem to be difficult sometimes? How can our mind stay focused on achieving something beautiful? We wake up, we grow older, and surely, we have the wisdom- share it with others.<\/p>\n\n\n\n<div class=\"wp-block-group alignfull has-blush-light-purple-gradient-background has-text-color has-background\" style=\"color:#000000\"><div class=\"wp-block-group__inner-container is-layout-constrained wp-block-group-is-layout-constrained\">\n<div style=\"height:64px;width:0px\" aria-hidden=\"true\" class=\"wp-block-spacer\"><\/div>\n\n\n\n<p class=\"has-text-align-center has-small-font-size\" style=\"line-height:.9\"><strong>A NEW WEBSITE DESIGNED FOR ARTISTS &amp; MUSICIANS<\/strong><\/p>\n\n\n\n<h2 class=\"wp-block-heading has-text-align-center\" id=\"schedule-a-visit\" style=\"font-size:59px;line-height:1.15\"><strong>Sining at Kultura international<\/strong><\/h2>\n\n\n\n<div class=\"wp-block-buttons is-horizontal is-content-justification-center is-layout-flex wp-container-core-buttons-is-layout-499968f5 wp-block-buttons-is-layout-flex\">\n<div class=\"wp-block-button has-custom-width wp-block-button__width-50\"><a class=\"wp-block-button__link has-text-color has-background wp-element-button\" href=\"https:\/\/siningatkultura.org\/\" style=\"border-radius:50px;color:#ffffff;background-color:#000000\">Visit the website<\/a><\/div>\n<\/div>\n\n\n\n<div style=\"height:64px;width:0px\" aria-hidden=\"true\" class=\"wp-block-spacer\"><\/div>\n<\/div><\/div>\n\n\n\n<div style=\"height:50px\" aria-hidden=\"true\" class=\"wp-block-spacer\"><\/div>\n\n\n\n<figure class=\"wp-block-embed is-type-video is-provider-youtube wp-block-embed-youtube wp-embed-aspect-16-9 wp-has-aspect-ratio\"><div class=\"wp-block-embed__wrapper\">\n<div class=\"x-resp-embed x-is-video x-is-youtube\"><iframe title=\"Jubileaum Kunst Udstilling i Ringsted\" width=\"1366\" height=\"768\" src=\"https:\/\/www.youtube.com\/embed\/3dg4j1hrNHs?feature=oembed\" frameborder=\"0\" allow=\"accelerometer; autoplay; clipboard-write; encrypted-media; gyroscope; picture-in-picture; web-share\" referrerpolicy=\"strict-origin-when-cross-origin\" allowfullscreen><\/iframe><\/div>\n<\/div><\/figure>\n\n\n\n<p>&nbsp;On the 5th of July 2025, we celebrated the 8th year anniversary of Scrolls of Etiquette. Together with the local artists and musicians, the event was successful and unforgettable for both the guests and the participants.&nbsp;<\/p>\n\n\n\n<div style=\"height:50px\" aria-hidden=\"true\" class=\"wp-block-spacer\"><\/div>\n\n\n\n<figure class=\"wp-block-embed is-type-video is-provider-youtube wp-block-embed-youtube wp-embed-aspect-16-9 wp-has-aspect-ratio\"><div class=\"wp-block-embed__wrapper\">\n<div class=\"x-resp-embed x-is-video x-is-youtube\"><iframe title=\"Kunst I Pinsen by Sheree 4k\" width=\"1366\" height=\"768\" src=\"https:\/\/www.youtube.com\/embed\/PEz8OuiZrcU?feature=oembed\" frameborder=\"0\" allow=\"accelerometer; autoplay; clipboard-write; encrypted-media; gyroscope; picture-in-picture; web-share\" referrerpolicy=\"strict-origin-when-cross-origin\" allowfullscreen><\/iframe><\/div>\n<\/div><\/figure>\n\n\n\n<h3 class=\"wp-block-heading has-text-align-center\">The Article will be published soon. Please share, like and subscribe to show your support. Thank you!<\/h3>\n\n\n\n<div style=\"height:50px\" aria-hidden=\"true\" class=\"wp-block-spacer\"><\/div>\n\n\n\n<p class=\"has-black-color has-text-color has-link-color wp-elements-09a827f56999a0557bacc96c02375b98\" style=\"letter-spacing:1.5px\">My attachment to music began when I was very young, before social media was introduced, and when the radio was far more popular than television. The songs remind me of the journey I&#8217;ve been through, the people I&#8217;ve met, the loved ones who passed away, and the experiences I&#8217;ve encountered. While art reminds me of the beauty and oddities of life, both in black and white and in color. The new website will open doors for both the artists and the art appreciator and those whose life is music.<\/p>\n\n\n\n<div style=\"height:61px\" aria-hidden=\"true\" class=\"wp-block-spacer\"><\/div>\n\n\n\n<div class=\"wp-block-media-text is-stacked-on-mobile has-background\" style=\"background:linear-gradient(135deg,rgb(202,248,128) 0%,rgb(210,234,228) 17%,rgb(226,244,242) 47%,rgb(230,236,240) 100%);letter-spacing:1.5px\"><figure class=\"wp-block-media-text__media\"><img fetchpriority=\"high\" decoding=\"async\" width=\"1024\" height=\"683\" src=\"https:\/\/www.bloomingetiquette.dk\/wp-content\/uploads\/2025\/06\/vivimaler-1024x683.jpg\" alt=\"\" class=\"wp-image-5335 size-full\" srcset=\"https:\/\/www.bloomingetiquette.dk\/wp-content\/uploads\/2025\/06\/vivimaler-1024x683.jpg 1024w, https:\/\/www.bloomingetiquette.dk\/wp-content\/uploads\/2025\/06\/vivimaler-300x200.jpg 300w, https:\/\/www.bloomingetiquette.dk\/wp-content\/uploads\/2025\/06\/vivimaler-768x512.jpg 768w, https:\/\/www.bloomingetiquette.dk\/wp-content\/uploads\/2025\/06\/vivimaler-1536x1024.jpg 1536w, https:\/\/www.bloomingetiquette.dk\/wp-content\/uploads\/2025\/06\/vivimaler-500x333.jpg 500w, https:\/\/www.bloomingetiquette.dk\/wp-content\/uploads\/2025\/06\/vivimaler-100x67.jpg 100w, https:\/\/www.bloomingetiquette.dk\/wp-content\/uploads\/2025\/06\/vivimaler-1541x1027.jpg 1541w, https:\/\/www.bloomingetiquette.dk\/wp-content\/uploads\/2025\/06\/vivimaler.jpg 1920w\" sizes=\"(max-width: 1024px) 100vw, 1024px\" \/><\/figure><div class=\"wp-block-media-text__content\">\n<p class=\"has-text-align-right\"><strong>Vivi Hjort Hansen<\/strong><\/p>\n\n\n\n<p class=\"has-text-align-right\">Hos mig f\u00e5r du farverige malerier med genkendelige motiver, for det meste, for jeg maleri ogs\u00e5 abstrakte malerier. Stilen er moderne. Akryl p\u00e5 l\u00e6rred har jeg valgt, fordi de vandbaserede farver er gode at mixe i lige den dr\u00f8m, jeg har og som det ut\u00e5lmodige menneske jeg er, s\u00e5 elsker jeg, at malingen t\u00f8rrer hurtigt. <\/p>\n\n\n\n<p class=\"has-text-align-right\">Tanker og dr\u00f8mme om farver, nye opdagelser og gamle minder skal p\u00e5 l\u00e6rredet. Kunst er vigtig, fordi den giver ny inspiration og livsgl\u00e6de. <\/p>\n\n\n\n<p><a href=\"https:\/\/www.vivispryd.dk\/malerier.html\">L\u00e6s mere<\/a><\/p>\n<\/div><\/div>\n\n\n\n<div style=\"height:100px\" aria-hidden=\"true\" class=\"wp-block-spacer\"><\/div>\n\n\n\n<div class=\"wp-block-media-text has-media-on-the-right is-stacked-on-mobile has-background\" style=\"background:linear-gradient(135deg,rgb(231,228,140) 0%,rgb(255,255,245) 100%)\"><div class=\"wp-block-media-text__content\">\n<p style=\"letter-spacing:1.5px\"><strong>Liselotte Kaagaard<\/strong><\/p>\n\n\n\n<p style=\"letter-spacing:1.5px\">Jeg eksperimenterer gerne med forskellige materialer og teknikker. Jeg bruger gerne vilde dyr som motiv, de kan repr\u00e6sentere instinkt, frihed, urokkelig styrke og naturens uforudsigelighed. <\/p>\n\n\n\n<p style=\"letter-spacing:1.5px\">Mit h\u00e5b er at beskueren m\u00e6rker energi, mysterium og forandring i mine v\u00e6rker. At de giver ro og tid til at reflekterer over naturens foranderlighed.<\/p>\n\n\n\n<p>Se Liselottes malerier<\/p>\n<\/div><figure class=\"wp-block-media-text__media\"><img decoding=\"async\" width=\"800\" height=\"712\" src=\"https:\/\/www.bloomingetiquette.dk\/wp-content\/uploads\/2025\/06\/liselotte.jpg\" alt=\"\" class=\"wp-image-5337 size-full\" srcset=\"https:\/\/www.bloomingetiquette.dk\/wp-content\/uploads\/2025\/06\/liselotte.jpg 800w, https:\/\/www.bloomingetiquette.dk\/wp-content\/uploads\/2025\/06\/liselotte-300x267.jpg 300w, https:\/\/www.bloomingetiquette.dk\/wp-content\/uploads\/2025\/06\/liselotte-768x684.jpg 768w, https:\/\/www.bloomingetiquette.dk\/wp-content\/uploads\/2025\/06\/liselotte-500x445.jpg 500w, https:\/\/www.bloomingetiquette.dk\/wp-content\/uploads\/2025\/06\/liselotte-100x89.jpg 100w\" sizes=\"(max-width: 800px) 100vw, 800px\" \/><\/figure><\/div>\n\n\n\n<div style=\"height:100px\" aria-hidden=\"true\" class=\"wp-block-spacer\"><\/div>\n\n\n\n<div class=\"wp-block-media-text is-stacked-on-mobile has-background\" style=\"background:linear-gradient(135deg,rgb(6,147,227) 0%,rgb(219,240,240) 16%,rgb(243,246,247) 77%,rgb(218,243,247) 100%);letter-spacing:1.5px\"><figure class=\"wp-block-media-text__media\"><img decoding=\"async\" width=\"1024\" height=\"683\" src=\"https:\/\/www.bloomingetiquette.dk\/wp-content\/uploads\/2025\/06\/MermaidRGsit3-1024x683.jpg\" alt=\"\" class=\"wp-image-5336 size-full\" srcset=\"https:\/\/www.bloomingetiquette.dk\/wp-content\/uploads\/2025\/06\/MermaidRGsit3-1024x683.jpg 1024w, https:\/\/www.bloomingetiquette.dk\/wp-content\/uploads\/2025\/06\/MermaidRGsit3-300x200.jpg 300w, https:\/\/www.bloomingetiquette.dk\/wp-content\/uploads\/2025\/06\/MermaidRGsit3-768x512.jpg 768w, https:\/\/www.bloomingetiquette.dk\/wp-content\/uploads\/2025\/06\/MermaidRGsit3-1536x1024.jpg 1536w, https:\/\/www.bloomingetiquette.dk\/wp-content\/uploads\/2025\/06\/MermaidRGsit3-500x333.jpg 500w, https:\/\/www.bloomingetiquette.dk\/wp-content\/uploads\/2025\/06\/MermaidRGsit3-100x67.jpg 100w, https:\/\/www.bloomingetiquette.dk\/wp-content\/uploads\/2025\/06\/MermaidRGsit3-1541x1027.jpg 1541w, https:\/\/www.bloomingetiquette.dk\/wp-content\/uploads\/2025\/06\/MermaidRGsit3.jpg 1920w\" sizes=\"(max-width: 1024px) 100vw, 1024px\" \/><\/figure><div class=\"wp-block-media-text__content\">\n<p class=\"has-text-align-right\"><strong>Roksana Gabrielova<\/strong><\/p>\n\n\n\n<p class=\"has-text-align-right\">Jeg er Roksana \u2013 f\u00f8dt i Bulgarien og opvokset i Canada, hvor jeg voksede op i et levende, multikulturelt samfund. Lige s\u00e5 langt tilbage jeg kan huske, har jeg fundet gl\u00e6de i at male, tegne, udsk\u00e6re og lave collage. Kunst er m\u00e5den, jeg genopretter balance og energi p\u00e5.<\/p>\n\n\n\n<p class=\"has-text-align-right\"><a href=\"https:\/\/drive.google.com\/file\/d\/13b5IqPB5eGsx4ZirROrwcrOGcgZ_a1bI\/view?usp=sharing\">Se Roksanas 1st udgave katalog 2025<\/a><\/p>\n<\/div><\/div>\n\n\n\n<div style=\"height:100px\" aria-hidden=\"true\" class=\"wp-block-spacer\"><\/div>\n\n\n\n<div class=\"wp-block-media-text has-media-on-the-right is-stacked-on-mobile has-background\" style=\"background:linear-gradient(135deg,rgb(214,214,243) 0%,rgb(216,246,251) 46%,rgb(155,207,253) 74%,rgb(40,116,252) 100%)\"><div class=\"wp-block-media-text__content\">\n<p style=\"letter-spacing:1.5px\"><strong>Danni Haslund<\/strong><\/p>\n\n\n\n<p style=\"letter-spacing:1.5px\">Mit navn er Danny, jeg er 39 \u00e5r gammel. Jeg er kunstner. Jeg elsker at v\u00e6re kreativ, og jeg elsker at opfinde ting og f\u00e5 gode id\u00e9er. Jeg bor i en lille by ude p\u00e5 landet, der hedder Jystrup. Jeg elsker naturen, og jeg foretr\u00e6kker ofte at arbejde udend\u00f8rs. Jeg kan godt lide at spraymale og pr\u00f8ve alle mulige ting. Jeg maler ogs\u00e5 med akryl. Jeg maler faktisk med alle mulige slags maling.<\/p>\n\n\n\n<p><a href=\"https:\/\/drive.google.com\/file\/d\/1s0KJA-p-xvU-XQZ0hIf1kH2ZtqONCzVc\/view?usp=sharing\">Se Danni&#8217;s 1st udgave katalog<\/a><\/p>\n<\/div><figure class=\"wp-block-media-text__media\"><img loading=\"lazy\" decoding=\"async\" width=\"1024\" height=\"640\" src=\"https:\/\/www.bloomingetiquette.dk\/wp-content\/uploads\/2025\/06\/dhsolo-1024x640.jpg\" alt=\"\" class=\"wp-image-5338 size-full\" srcset=\"https:\/\/www.bloomingetiquette.dk\/wp-content\/uploads\/2025\/06\/dhsolo-1024x640.jpg 1024w, https:\/\/www.bloomingetiquette.dk\/wp-content\/uploads\/2025\/06\/dhsolo-300x188.jpg 300w, https:\/\/www.bloomingetiquette.dk\/wp-content\/uploads\/2025\/06\/dhsolo-768x480.jpg 768w, https:\/\/www.bloomingetiquette.dk\/wp-content\/uploads\/2025\/06\/dhsolo-500x313.jpg 500w, https:\/\/www.bloomingetiquette.dk\/wp-content\/uploads\/2025\/06\/dhsolo-100x63.jpg 100w, https:\/\/www.bloomingetiquette.dk\/wp-content\/uploads\/2025\/06\/dhsolo.jpg 1280w\" sizes=\"(max-width: 1024px) 100vw, 1024px\" \/><\/figure><\/div>\n\n\n\n<div style=\"height:100px\" aria-hidden=\"true\" class=\"wp-block-spacer\"><\/div>\n\n\n\n<div class=\"wp-block-media-text is-stacked-on-mobile has-background\" style=\"background:linear-gradient(135deg,rgb(252,185,0) 0%,rgb(247,241,230) 13%,rgb(247,227,176) 66%,rgb(255,105,0) 100%);letter-spacing:1.5px\"><figure class=\"wp-block-media-text__media\"><img loading=\"lazy\" decoding=\"async\" width=\"606\" height=\"605\" src=\"https:\/\/www.bloomingetiquette.dk\/wp-content\/uploads\/2025\/06\/hjalte.jpg\" alt=\"\" class=\"wp-image-5339 size-full\" srcset=\"https:\/\/www.bloomingetiquette.dk\/wp-content\/uploads\/2025\/06\/hjalte.jpg 606w, https:\/\/www.bloomingetiquette.dk\/wp-content\/uploads\/2025\/06\/hjalte-300x300.jpg 300w, https:\/\/www.bloomingetiquette.dk\/wp-content\/uploads\/2025\/06\/hjalte-150x150.jpg 150w, https:\/\/www.bloomingetiquette.dk\/wp-content\/uploads\/2025\/06\/hjalte-500x499.jpg 500w, https:\/\/www.bloomingetiquette.dk\/wp-content\/uploads\/2025\/06\/hjalte-100x100.jpg 100w\" sizes=\"(max-width: 606px) 100vw, 606px\" \/><\/figure><div class=\"wp-block-media-text__content\">\n<p class=\"has-text-align-right\" style=\"letter-spacing:1.5px\"><strong>Hjalte Glitzky<\/strong><\/p>\n\n\n\n<p class=\"has-text-align-right\" style=\"letter-spacing:1.5px\">Mit navn er Hjalte, og jeg er en 17-\u00e5rig guitarist. Jeg elsker musik og har snart spillet guitar i 10 \u00e5r. Sidste \u00e5r gik jeg p\u00e5 Vesterdal Efterskole, hvor jeg spillede i mange koncerter, bl.a. til Vesterdal Festival og musicals p\u00e5 Baltoppen. Nu g\u00e5r jeg p\u00e5 Sankt Ann\u00e6 Gymnasium for musik.<\/p>\n\n\n\n<p><\/p>\n<\/div><\/div>\n\n\n\n<div style=\"height:100px\" aria-hidden=\"true\" class=\"wp-block-spacer\"><\/div>\n\n\n\n<div class=\"wp-block-media-text has-media-on-the-right is-stacked-on-mobile has-background\" style=\"background:linear-gradient(135deg,rgb(6,147,227) 0%,rgb(181,246,254) 11%,rgb(199,239,248) 33%,rgb(254,221,255) 47%,rgb(214,249,249) 71%,rgb(242,208,244) 87%,rgb(236,236,247) 100%)\"><div class=\"wp-block-media-text__content\">\n<p class=\"has-medium-font-size\"><strong>Marianne Kampmann <\/strong><\/p>\n\n\n\n<p style=\"letter-spacing:1.5px\">Mit foretrukne udtryksmiddel er keramik. Jeg elsker f\u00f8lelsen af detbl\u00f8de ler mellem h\u00e6nderne og friheden til at forme det pr\u00e6cis, som jeg vil. Jeg arbejder for det meste intuitivt &#8211; uden faste planer, men med en \u00e5benhed for, hvad leret og mine h\u00e6nder vil fort\u00e6lle. Nogle gange, starter jeg med en id\u00e9, en f\u00f8lelse eller en stemning, ofte inspireret af mine oplevelse in naturen, dens farver, lyde og foranderlighed.<\/p>\n\n\n\n<p><a href=\"https:\/\/www.instagram.com\/artbloggen\/\">Se Mariannes kunstv\u00e6rker<\/a><\/p>\n<\/div><figure class=\"wp-block-media-text__media\"><img loading=\"lazy\" decoding=\"async\" width=\"1024\" height=\"1024\" src=\"https:\/\/www.bloomingetiquette.dk\/wp-content\/uploads\/2025\/06\/mariannefoto-1024x1024.jpg\" alt=\"\" class=\"wp-image-5384 size-full\" srcset=\"https:\/\/www.bloomingetiquette.dk\/wp-content\/uploads\/2025\/06\/mariannefoto-1024x1024.jpg 1024w, https:\/\/www.bloomingetiquette.dk\/wp-content\/uploads\/2025\/06\/mariannefoto-300x300.jpg 300w, https:\/\/www.bloomingetiquette.dk\/wp-content\/uploads\/2025\/06\/mariannefoto-150x150.jpg 150w, https:\/\/www.bloomingetiquette.dk\/wp-content\/uploads\/2025\/06\/mariannefoto-768x768.jpg 768w, https:\/\/www.bloomingetiquette.dk\/wp-content\/uploads\/2025\/06\/mariannefoto-500x500.jpg 500w, https:\/\/www.bloomingetiquette.dk\/wp-content\/uploads\/2025\/06\/mariannefoto-1000x1000.jpg 1000w, https:\/\/www.bloomingetiquette.dk\/wp-content\/uploads\/2025\/06\/mariannefoto-100x100.jpg 100w, https:\/\/www.bloomingetiquette.dk\/wp-content\/uploads\/2025\/06\/mariannefoto.jpg 1440w\" sizes=\"(max-width: 1024px) 100vw, 1024px\" \/><\/figure><\/div>\n\n\n\n<div style=\"height:100px\" aria-hidden=\"true\" class=\"wp-block-spacer\"><\/div>\n\n\n\n<div class=\"wp-block-media-text is-stacked-on-mobile has-background\" style=\"background:linear-gradient(135deg,rgb(122,220,180) 0%,rgb(227,227,227) 18%,rgb(248,248,159) 29%,rgb(228,244,230) 85%,rgb(225,244,183) 100%);grid-template-columns:59% auto\"><figure class=\"wp-block-media-text__media\"><img loading=\"lazy\" decoding=\"async\" width=\"1024\" height=\"768\" src=\"https:\/\/www.bloomingetiquette.dk\/wp-content\/uploads\/2025\/06\/tomyjo-1024x768.jpg\" alt=\"\" class=\"wp-image-5340 size-full\" srcset=\"https:\/\/www.bloomingetiquette.dk\/wp-content\/uploads\/2025\/06\/tomyjo-1024x768.jpg 1024w, https:\/\/www.bloomingetiquette.dk\/wp-content\/uploads\/2025\/06\/tomyjo-300x225.jpg 300w, https:\/\/www.bloomingetiquette.dk\/wp-content\/uploads\/2025\/06\/tomyjo-768x576.jpg 768w, https:\/\/www.bloomingetiquette.dk\/wp-content\/uploads\/2025\/06\/tomyjo-1536x1152.jpg 1536w, https:\/\/www.bloomingetiquette.dk\/wp-content\/uploads\/2025\/06\/tomyjo-500x375.jpg 500w, https:\/\/www.bloomingetiquette.dk\/wp-content\/uploads\/2025\/06\/tomyjo-100x75.jpg 100w, https:\/\/www.bloomingetiquette.dk\/wp-content\/uploads\/2025\/06\/tomyjo-1541x1156.jpg 1541w, https:\/\/www.bloomingetiquette.dk\/wp-content\/uploads\/2025\/06\/tomyjo.jpg 1600w\" sizes=\"(max-width: 1024px) 100vw, 1024px\" \/><\/figure><div class=\"wp-block-media-text__content\">\n<p class=\"has-text-align-right\"><strong>Tommy Johanessen (Hvide Sokker)<\/strong><\/p>\n\n\n\n<p class=\"has-text-align-right\">Jeg begyndte tidligt at have harmonikaen med til fester i familien, s\u00e5 jeg kunne spille til sangene og til lidt dans bagefter. Det m\u00e5 have g\u00e5et meget godt, for nu begyndte andre g\u00e6ster fra festerne at ville have mig til at spille til deres fester ogs\u00e5. Det bredte sig som ringe i vandet, og efterh\u00e5nden blev det ikke us\u00e6dvanligt, at jeg spillede for fremmede, som jeg slet ikke kendte i forvejen. Og s\u00e5 var jeg jo i gang.<\/p>\n\n\n\n<p><a href=\"http:\/\/tommyjo.dk\/biografi\/\">L\u00e6s mere<\/a><\/p>\n<\/div><\/div>\n\n\n\n<div style=\"height:100px\" aria-hidden=\"true\" class=\"wp-block-spacer\"><\/div>\n\n\n\n<div style=\"height:250px\" aria-hidden=\"true\" class=\"wp-block-spacer\"><\/div>\n\n\n<div class=\"wp-block-image\">\n<figure class=\"aligncenter size-large is-resized\"><img loading=\"lazy\" decoding=\"async\" width=\"1024\" height=\"683\" src=\"https:\/\/www.bloomingetiquette.dk\/wp-content\/uploads\/2025\/04\/AstaOmegaPlus-1024x683.jpg\" alt=\"\" class=\"wp-image-5149\" style=\"width:620px;height:auto\" srcset=\"https:\/\/www.bloomingetiquette.dk\/wp-content\/uploads\/2025\/04\/AstaOmegaPlus-1024x683.jpg 1024w, https:\/\/www.bloomingetiquette.dk\/wp-content\/uploads\/2025\/04\/AstaOmegaPlus-300x200.jpg 300w, https:\/\/www.bloomingetiquette.dk\/wp-content\/uploads\/2025\/04\/AstaOmegaPlus-768x512.jpg 768w, https:\/\/www.bloomingetiquette.dk\/wp-content\/uploads\/2025\/04\/AstaOmegaPlus-1536x1024.jpg 1536w, https:\/\/www.bloomingetiquette.dk\/wp-content\/uploads\/2025\/04\/AstaOmegaPlus-500x333.jpg 500w, https:\/\/www.bloomingetiquette.dk\/wp-content\/uploads\/2025\/04\/AstaOmegaPlus-100x67.jpg 100w, https:\/\/www.bloomingetiquette.dk\/wp-content\/uploads\/2025\/04\/AstaOmegaPlus-1541x1027.jpg 1541w, https:\/\/www.bloomingetiquette.dk\/wp-content\/uploads\/2025\/04\/AstaOmegaPlus.jpg 1920w\" sizes=\"(max-width: 1024px) 100vw, 1024px\" \/><figcaption class=\"wp-element-caption\"><strong>ENJOY YOUR UNLIMITED 15% OFF <\/strong><\/figcaption><\/figure>\n<\/div>\n\n\n<div class=\"wp-block-buttons is-content-justification-center is-layout-flex wp-container-core-buttons-is-layout-16018d1d wp-block-buttons-is-layout-flex\">\n<div class=\"wp-block-button\"><a class=\"wp-block-button__link has-black-color has-electric-grass-gradient-background has-text-color has-background has-link-color has-text-align-center wp-element-button\" href=\"https:\/\/www.ecovik.com\/?ref=cayfhzkm++\"><strong>ENJOY YOUR 15% OFF<\/strong><\/a><\/div>\n<\/div>\n\n\n\n<div style=\"height:100px\" aria-hidden=\"true\" class=\"wp-block-spacer\"><\/div>\n","protected":false},"excerpt":{"rendered":"<p>About my new website for musicians and artists I meet interesting people, and they always have stories that encourage me to continue achieving my goals, and just by listening, it sparks hope. How can somebody stay strong when things seem to be difficult sometimes? How can our mind stay focused on achieving something beautiful? We wake up, we grow older, and surely, we have the wisdom- share it with others. &#8230; <a href=\"https:\/\/www.bloomingetiquette.dk\/?page_id=5334\" class=\"more-link\">Read More<\/a><\/p>\n","protected":false},"author":1,"featured_media":0,"parent":0,"menu_order":0,"comment_status":"closed","ping_status":"closed","template":"","meta":{"_acf_changed":false,"bBlocksCursorData":"","rs_blank_template":"","rs_page_bg_color":"","slide_template_v7":"","footnotes":""},"class_list":["post-5334","page","type-page","status-publish","hentry","no-post-thumbnail"],"acf":[],"_links":{"self":[{"href":"https:\/\/www.bloomingetiquette.dk\/index.php?rest_route=\/wp\/v2\/pages\/5334","targetHints":{"allow":["GET"]}}],"collection":[{"href":"https:\/\/www.bloomingetiquette.dk\/index.php?rest_route=\/wp\/v2\/pages"}],"about":[{"href":"https:\/\/www.bloomingetiquette.dk\/index.php?rest_route=\/wp\/v2\/types\/page"}],"author":[{"embeddable":true,"href":"https:\/\/www.bloomingetiquette.dk\/index.php?rest_route=\/wp\/v2\/users\/1"}],"replies":[{"embeddable":true,"href":"https:\/\/www.bloomingetiquette.dk\/index.php?rest_route=%2Fwp%2Fv2%2Fcomments&post=5334"}],"version-history":[{"count":70,"href":"https:\/\/www.bloomingetiquette.dk\/index.php?rest_route=\/wp\/v2\/pages\/5334\/revisions"}],"predecessor-version":[{"id":6047,"href":"https:\/\/www.bloomingetiquette.dk\/index.php?rest_route=\/wp\/v2\/pages\/5334\/revisions\/6047"}],"wp:attachment":[{"href":"https:\/\/www.bloomingetiquette.dk\/index.php?rest_route=%2Fwp%2Fv2%2Fmedia&parent=5334"}],"curies":[{"name":"wp","href":"https:\/\/api.w.org\/{rel}","templated":true}]}}